2?
0
What is the tens digit of 1701054?
5
What is the hundred thousands digit of 106279?
1
What is the thousands digit of 288423?
8
What is the units digit of 14985047?
7
What is the ten thousands digit of 20590846?
9
What is the hundreds digit of 83860?
8
What is the units digit of 1858748?
8
What is the thousands digit of 537765?
7
What is the tens digit of 411640?
4
What is the millions digit of 1493100?
1
What is the ten thousands digit of 852710?
5
What is the thousands digit of 3990314?
0
What is the thousands digit of 5973053?
3
What is the thousands digit of 113877?
3
What is the units digit of 810343?
3
What is the millions digit of 1569287?
1
What is the ten millions digit of 18526973?
1
What is the units digit of 2165096?
6
What is the units digit of 327595?
5
What is the tens digit of 5985460?
6
What is the thousands digit of 3955020?
5
What is the ten thousands digit of 2390565?
9
What is the thousands digit of 1921690?
1
What is the tens digit of 138722?
2
What is the hundreds digit of 401642?
6
What is the tens digit of 4877014?
1
What is the hundreds digit of 11865487?
4
What is the hundreds digit of 387437?
4
What is the thousands digit of 879015?
9
What is the tens digit of 3612503?
0
What is the hundred thousands digit of 11579807?
5
What is the units digit of 712733?
3
What is the units digit of 3967496?
6
What is the thousands digit of 4975313?
5
What is the units digit of 52009?
9
What is the ten thousands digit of 156687?
5
What is the ten thousands digit of 387083?
8
What is the ten thousands digit of 7315435?
1
What is the hundred thousands digit of 1791223?
7
What is the units digit of 16478745?
5
What is the hundreds digit of 128497?
4
What is the units digit of 69910?
0
What is the units digit of 89034?
4
What is the hundred thousands digit of 10046677?
0
What is the thousands digit of 100124?
0
What is the millions digit of 9641327?
9
What is the ten thousands digit of 1907776?
0
What is the tens digit of 366725?
2
What is the tens digit of 2352505?
0
What is the tens digit of 231113?
1
What is the millions digit of 3273654?
3
What is the units digit of 146273?
3
What is the thousands digit of 2462307?
2
What is the tens digit of 41327?
2
What is the thousands digit of 472082?
2
What is the thousands digit of 76906?
6
What is the millions digit of 2426210?
2
What is the ten thousands digit of 28542?
2
What is the ten thousands digit of 306078?
0
What is the hundreds digit of 134001?
0
What is the hundreds digit of 74029?
0
What is the hundred thousands digit of 5620141?
6
What is the tens digit of 11765731?
3
What is the millions digit of 1161788?
1
What is the ten thousands digit of 213739?
1
What is the hundred thousands digit of 2148528?
1
What is the tens digit of 58477?
7
What is the hundred thousands digit of 140933?
1
What is the hundreds digit of 82560?
5
What is the ten thousands digit of 863333?
6
What is the hundreds digit of 94051?
0
What is the ten thousands digit of 39684245?
8
What is the hundreds digit of 2341686?
6
What is the ten thousands digit of 15798659?
9
What is the tens digit of 7764259?
5
What is the thousands digit of 76308?
6
What is the units digit of 9740064?
4
What is the units digit of 1262395?
5
What is the tens digit of 1255249?
4
What is the units digit of 6160710?
0
What is the thousands digit of 18557746?
7
What is the hundreds digit of 2171491?
4
What is the thousands digit of 1669584?
9
What is the thousands digit of 1049973?
9
What is the units digit of 3223937?
7
What is the hundred thousands digit of 4956824?
9
What is the tens digit of 2944335?
3
What is the ten thousands digit of 319845?
1
What is the hundreds digit of 2465910?
9
What is the thousands digit of 43155?
3
What is the thousands digit of 2722381?
2
What is the ten thousands digit of 146827?
4
What is the millions digit of 30748354?
0
What is the ten thousands digit of 191398?
9
What is the ten thousands digit of 2590723?
9
What is the ten thousands digit of 23265750?
6
What is the hundreds digit of 73392?
3
What is the ten thousands digit of 3067713?
6
What is the ten thousands digit of 944129?
4
What is the millions digit of 4257496?
4
What is the tens digit of 43710?
1
What is the hundred thousands digit of 308342?
3
What is the tens digit of 3108986?
8
What is the units digit of 31723635?
5
What is the hundred thousands digit of 2030747?
0
What is the tens digit of 69166?
6
What is the units digit of 159996?
6
What is the millions digit of 1437124?
1
What is the thousands digit of 1485849?
5
What is the tens digit of 12918258?
5
What is the millions digit of 6599701?
6
What is the ten millions digit of 14590823?
1
What is the hundred thousands digit of 173254?
1
What is the hundreds digit of 434907?
9
What is the tens digit of 3366430?
3
What is the units digit of 65791?
1
What is the ten thousands digit of 592720?
9
What is the tens digit of 2646912?
1
What is the thousands digit of 129742?
9
What is the hundred thousands digit of 636919?
6
What is the hundreds digit of 60423?
4
What is the ten thousands digit of 634198?
3
What is the hundreds digit of 11655901?
9
What is the thousands digit of 14305850?
5
What is the thousands digit of 168758?
8
What is the hundreds digit of 2806274?
2
What is the hundred thousands digit of 886339?
8
What is the units digit of 46560?
0
What is the hundred thousands digit of 7456489?
4
What is the units digit of 2160423?
3
What is the thousands digit of 8827871?
7
What is the tens digit of 181945?
4
What is the ten thousands digit of 186978?
8
What is the millions digit of 2172612?
2
What is the ten thousands digit of 4454631?
5
What is the tens digit of 430855?
5
What is the thousands digit of 397664?
7
What is the tens digit of 2089?
8
What is the hundreds digit of 6135569?
5
What is the hundreds digit of 30784643?
6
What is the hundred thousands digit of 356060?
3
What is the hundreds digit of 395894?
8
What is the units digit of 354068?
8
What is the tens digit of 14660024?
2
What is the ten millions digit of 38440368?
3
What is the units digit of 27136?
6
What is the units digit of 1060913?
3
What is the ten thousands digit of 202551?
0
What is the tens digit of 4280942?
4
What is the hundreds digit of 4112803?
8
What is the hundred thousands digit of 822934?
8
What is the hundreds digit of 30692171?
1
What is the tens digit of 3429359?
5
What is the ten thousands digit of 180933?
8
What is the hundred thousands digit of 948855?
9
What is the tens digit of 13021395?
9
What is the units digit of 182592?
2
What is the ten thousands digit of 1627124?
2
What is the units digit of 1433952?
2
What is the hundred thousands digit of 225892?
2
What is the ten thousands digit of 5441055?
4
What is the ten thousands digit of 4757748?
5
What is the hundreds digit of 12013545?
5
What is the millions digit of 11799269?
1
What is the units digit of 83217?
7
What is the hundreds digit of 37345245?
2
What is the hundreds digit of 4186084?
0
What is the units digit of 416013?
3
What is the tens digit of 95738?
3
What is the tens digit of 266738?
3
What is the units digit of 391090?
0
What is the millions digit of 17610940?
7
What is the millions digit of 1054369?
1
What is the millions digit of 27289231?
7
What is the hundred thousands digit of 1788186?
7
What is the ten thousands digit of 370805?
7
What is the units digit of 433251?
1
What is the hundred thousands digit of 394143?
3
What is the ten thousands digit of 237831?
3
What is the tens digit of 1606510?
1
What is the hundred thousands digit of 195827?
1
What is the tens digit of 195523?
2
What is the thousands digit of 529068?
9
What is the units digit of 3646636?
6
What is the millions digit of 1385753?
1
What is the units digit of 153818?
8
What is the tens digit of 3024376?
7
What is the millions digit of 2835688?
2
What is the units digit of 105847?
7
What is the hundreds digit of 48987?
9
What is the millions digit of 1338510?
1
What is the units digit of 4308642?
2
What is the units digit of 219281?
1
What is the tens digit of 106250?
5
What is the ten thousands digit of 164412?
6
What is the units digit of 3600405?
5
What is the hundreds digit of 2872360?
3
What is the ten millions digit of 17430485?
1
What is the 